- 2*q - 28. Let o = 18 + q. Suppose 3*b - 47 = -o. What is the highest common divisor of b and 60?
12
Suppose -4*w - 2*a = -3*w + 2, w - 18 = 2*a. Let o(h) = -h**3 + 4*h**2 + h. Let g be o(4). Let d = -3 + g. What is the greatest common divisor of w and d?
1
Let u(i) = -9*i - 6. Suppose 3*p + 11 = -1. Let v be u(p). What is the greatest common factor of v and 15?
15
Let h be 13/((-2)/(26*-1)). Let c = h - 73. Calculate the greatest common factor of 12 and c.
12
Suppose -229 = -2*j + 123. Suppose 0 = -17*b + 10*b + 154. Calculate the highest common factor of b and j.
22
Suppose 4*a + 0*a = 4. Calculate the highest common factor of a and 4.
1
Suppose k + 5*q + 5 = -0*k, -4*q = 4*k + 4. Suppose k = -h + x + 119 - 33, 4*x - 61 = -h. Let m = 29 + -20. Calculate the greatest common divisor of m and h.
9
Let p be -20*(-30)/((-3)/(-1)). What is the highest common divisor of 20 and p?
20
Let q(m) = 7*m - 4 + 7 + 1. Let y be q(4). What is the greatest common factor of y and 4?
4
Let v(j) = -j**3 + j. Let w be v(-1). Suppose -4*i - 151 + 403 = w. Calculate the highest common factor of i and 9.
9
Suppose 2*h + 19 + 13 = 0. Let w = -67 + 95. Let n = h + w. Calculate the highest common factor of 12 and n.
12
Suppose -3*z - 255 = -4*j - 30, -2*j = 3*z - 135. Suppose 24 = 4*q - 2*q. What is the highest common factor of j and q?
12
Suppose -2*g + 3*y = -468, 5*g - 3*y - 1078 - 92 = 0. Calculate the greatest common divisor of 26 and g.
26
Let z be (-158)/(-22) - (4 + (-210)/55). Let t(p) = -p**3 - 6*p**2 + 1. Let g be t(-6). Calculate the greatest common factor of g and z.
1
Suppose -u = -2 - 6. Let o = -3 + u. Let y(n) = n**2 + 12*n - 8. Let p be y(-13). Calculate the highest common factor of p and o.
5
Let i = 5 + 10. Calculate the highest common divisor of i and 10.
5
Let p = 34 - -36. Calculate the greatest common divisor of 14 and p.
14
Let y be 23 + 3 + -5 + 7. What is the highest common factor of y and 56?
28
Suppose 0 = -5*h - o + 364, 2*o + 344 = 5*h - 2*o. Let x be (54/(-2))/((-3)/2). Calculate the highest common factor of x and h.
18
Let j = -58 + 68. What is the greatest common factor of 130 and j?
10
Let r be (-8)/(-5 + (-20)/(-5)). What is the highest common factor of 24 and r?
8
Let n = -3 + 10. What is the highest common factor of n and 49?
7
Let y = 37 + -35. What is the greatest common divisor of 14 and y?
2
Let n(j) be the second derivative of j**4/12 - j**3 + j**2 - 3*j. Let a be n(-10). What is the greatest common factor of 18 and a?
18
Let g(x) = 7*x**3 + 7*x - 66. Let l(c) = -6*c**3 - 6*c + 65. Let t(n) = 5*g(n) + 6*l(n). Let y be t(0). What is the greatest common factor of y and 12?
12
Let t(i) = 2*i**2 + 5*i + 2. Let d be t(-7). Suppose -d = -2*r + 39. Calculate the highest common divisor of r and 13.
13
Let q = 31 + 4. Calculate the highest common factor of q and 14.
7
Suppose 2*p + 9 - 29 = 0. Let h(c) = c**3 - 9*c**2 + 10*c + 4. Let b be h(8). Calculate the greatest common divisor of b and p.
10
Let t(n) = n**2 + 5*n + 20. Let f be t(-6). Calculate the highest common factor of 78 and f.
26
Suppose 3*x - 4*x - i = -15, -x - 5 = 5*i. Let j = -11 + x. What is the greatest common divisor of 3 and j?
3
Let n be (-6)/(-15) - 1346/(-10). What is the highest common divisor of n and 15?
15
Let g = -2 + 4. Let b(s) = 6*s - 3. Let t be b(g). Calculate the greatest common factor of 6 and t.
3
Let l = -15 - -30. Suppose -45 = -2*v - l. What is the highest common divisor of 90 and v?
15
Let r be -10*(22/(-10) + -2). Calculate the greatest common factor of r and 28.
14
Suppose 1215 = 7*y - 647. What is the greatest common divisor of y and 38?
38
Let r(i) = -i + 13. Let s be r(10). Let p = 47 + s. What is the greatest common divisor of 10 and p?
10
Let w = 23 + -17. What is the highest common factor of 54 and w?
6
Suppose -2*i - 3*i - 685 = -4*d, i = -3*d + 528. Calculate the greatest common factor of 25 and d.
25
Let i = -20 + 25. What is the highest common factor of i and 25?
5
Let w(x) = x**3 + 9*x**2 - 12*x - 12. Let n be w(-10). Suppose 0 = -v + 5*v - 160. What is the highest common divisor of v and n?
8
Suppose 3*g - 22 - 89 = 0. Suppose f + 9 = g. What is the highest common factor of 70 and f?
14
Let v be 0 + 1 + (-38)/(-2). Suppose -v + 4 = -c. What is the highest common divisor of c and 64?
16
Let i be 2/(-2*(-1)/3). Let l be 296/20 - i/(-15). What is the greatest common divisor of 5 and l?
5
Suppose 0 = -2*t + 56 + 4. Calculate the greatest common divisor of 20 and t.
10
Let a(x) = -x**3 + 7*x**2 + 8*x + 2. Let c be a(8). Calculate the highest common divisor of 6 and c.
2
Suppose 2*h + 66 = 4*g + 12, -2*g = h - 33. Let f(a) = 2*a**2 + 7*a. Let n = -4 - 1. Let t be f(n). What is the highest common factor of t and g?
15
Let t be ((-6)/8)/(31/(-1860)). What is the highest common factor of t and 225?
45
Let b be 2/5 + (-65)/(-25). Suppose b*f - 23 = 73. What is the greatest common divisor of f and 48?
16
Let a(i) = -i**3 - 4*i**2 - 10*i. Let o be a(-4). What is the greatest common divisor of 400 and o?
40
Let o be 3/(-2) - (-26)/4. Suppose r - 4 = -0*r - o*l, 3*r = 4*l + 12. Suppose 2*a + 44 = u, 5*u - 2*a = a + 220. What is the highest common divisor of r and u?
4
Let p(f) = 11*f - 4. Let q be p(6). Let n = 89 - q. Let m = -4 - -22. Calculate the highest common divisor of n and m.
9
Let l(t) = t**2 - 2*t + 7. Let q be l(3). Suppose 3 = -q*c + 11*c. What is the greatest common factor of c and 27?
3
Let b(c) = -c + 12. Let g be b(5). What is the greatest common factor of 21 and g?
7
Let h be 5/15 + 83/3. Suppose -1 - 7 = -4*y, 3*y = 5*d + 91. Let m = h + d. What is the greatest common divisor of m and 88?
11
Let o be (0 + -1)*4*-28. Let a = o - 67. Calculate the greatest common divisor of a and 18.
9
Suppose m + r = -2*r + 7, -20 = -4*m - 4*r. Let h be (4 + -1)*(-2)/(-6). Calculate the greatest common divisor of h and m.
1
Let a(z) = 4*z**2 + 2*z - 1. Let q be a(1). Suppose -26 = -2*u + 2*v, -15 = -q*u - 4*v + 41. Calculate the greatest common factor of u and 12.
12
Let m(z) = z + 5. Let r(g) = -g + 1. Let a be 3/(-6) + (-14)/4. Let k(j) = a*r(j) + m(j). Let v be k(3). What is the highest common divisor of v and 2?
2
Suppose -4*d + 169 = 37. Calculate the greatest common divisor of 22 and d.
11
Let d = 199 - 63. Let p(o) = o**3 + 4*o. Let i be p(3). Let m = i + -22. Calculate the greatest common divisor of m and d.
17
Let k = 0 - -3. Let p be k + (-3 + 1)/(-2). Calculate the highest common divisor of 32 and p.
4
Let x = 28 + -18. What is the greatest common divisor of 50 and x?
10
Suppose 0*k = 3*k - y - 7, 5 = 2*k - y. Suppose -3*b - 16 + 49 = 2*t, -5*t - k*b = -88. What is the highest common divisor of 2 and t?
2
Let n(z) = 13*z**3 + 2*z**2 + z - 4. Let u be n(2). What is the highest common divisor of 10 and u?
10
Let r = -62 + 90. Calculate the highest common factor of 28 and r.
28
Let j = 25 + -19. Let w(f) = -f**3 + f**2 - f. Let p be w(0). Let m = j - p. Calculate the greatest common factor of 30 and m.
6
Suppose -48 = -4*f - 0*f. Calculate the greatest common divisor of f and 12.
12
Let q be 1/(-2)*(1 - 5). Let x be 4*(1 + q/(-4)). Suppose 0 = -2*k + 62 - x. What is the greatest common factor of 12 and k?
6
Let f = 291 - 200. Let h(l) = l**3 + 2*l**2 + 2. Let q be h(-2). Let m be (-1)/(1*q/(-26)). What is the greatest common divisor of f and m?
13
Suppose -11 = -4*y + 3*y. Let m = y + -5. What is the greatest common divisor of 12 and m?
6
Suppose b = -3*b. Let v be b + 1/((-2)/(-172)). Suppose 0 = -5*u + 3*d + 109, 5*u - v - 26 = 4*d. What is the greatest common divisor of u and 5?
5
Suppose -5*w = t, -3*t - 34 = -w - 98. What is the greatest common factor of 4 and t?
4
Let a be 2*(-1 + 2)*1. Suppose -4*x + 38 + a = 0. Suppose 5*v = 21 + 329. Calculate the highest common factor of x and v.
10
Let i be 3/(-3 - 0)*-1. Let o be (2 + -1 - i) + -3. Let z = 8 - o. What is the greatest common divisor of z and 44?
11
Suppose -p + 8 = 3*p, -2*p + 64 = 5*m. Calculate the greatest common factor of 8 and m.
4
Suppose 6*d + 28 - 94 = 0. Calculate the greatest common factor of d and 1.
1
Suppose -4*g + 2*g + 18 = b, 3*g - 3*b - 9 = 0. Calculate the highest common factor of g and 7.
7
Suppose 0 = -2*l + l - 62. Let u = -32 - l. What is the greates